-t*c + 402 = 2*y. What are the prime factors of y?
191
Suppose 23860 + 290496 = 28*j. List the prime factors of j.
103, 109
Let v(r) = 191*r - 59. Let w be v(5). Let j = -192 + w. What are the prime factors of j?
2, 11
Suppose -5*x - 39*w = -44*w - 28465, 0 = -7*w - 7. What are the prime factors of x?
2, 1423
Let l(w) = 708*w**2 - 30*w + 134. Let p be l(6). List the prime factors of p/14 + -3*16/168.
23, 79
Suppose 0 = 2*o - 74 + 78. What are the prime factors of ((3/o)/(-3))/(27/25218)?
467
Suppose 385*j - 963 = 382*j. Let z = 331 - j. List the prime factors of z.
2, 5
Suppose 3*w + 2*w = 125. Suppose -241*z - 20272 = -16199 + 22437. What are the prime factors of w/(-9) + (-14)/63 - z?
107
List the prime factors of (-6823)/(-2)*(-11 - (-15 - -2)).
6823
Suppose 14 = -2*c - 4*x, -c - 21 = -5*x - 0*x. Let m be 18/99 + (-53)/c. Suppose 76 = y - p, 0*y - 4*y = -m*p - 301. What are the prime factors of y?
79
Let m = -1857 - -48631. List the prime factors of m.
2, 7, 13, 257
Suppose -3*j + 9 = o + 1, 5*j = 3*o - 10. Let u(l) = 49*l**2 - 2*l - 26. List the prime factors of u(o).
29, 41
Suppose -5*s + 256 = 2*j, 4*s - 202 = j - 4*j. Let o = -50 + s. Let q(d) = 27*d**2 + 4*d + 3. List the prime factors of q(o).
7, 17
Suppose 0 = -66*g - 131*g + 1706414. What are the prime factors of g?
2, 61, 71
Let o be 0/(-3)*6/(-54)*3. Suppose 4*f = -o*f + 4*j + 1096, -5*j + 256 = f. List the prime factors of f.
271
Let a(t) = 2*t**3 + 18*t**2 - 22*t + 296. List the prime factors of a(22).
2, 3, 5, 7, 71
Let k(m) = 3*m**3 + 19*m**2 + 4*m - 8. Let q be k(-6). Suppose -3*p = 3, 5*z - q*p - 1527 = -7*p. What are the prime factors of z?
2, 3, 17
Let r(q) = 3961*q**2 - 17*q + 10. What are the prime factors of r(2)?
2, 5, 7, 113
Suppose 0 = -d - 349 - 239. Let k = 1085 + d. List the prime factors of k.
7, 71
Suppose 5*h + 346 = r, 12*r = 16*r - 4*h - 1448. Suppose -4*i = -3*i - p - 390, i = -5*p + r. List the prime factors of i.
2, 193
Let u(o) be the first derivative of -o**5 - o**4/3 - o**3/6 + 3*o**2 - 42*o - 7. Let p(t) be the first derivative of u(t). What are the prime factors of p(-2)?
2, 19
Let k be (26/78)/((-2)/(-354)). Suppose 3*o + k = 311. List the prime factors of o.
2, 3, 7
Let c(x) = -10*x**2 + 4*x**2 + 10*x**2 + 2*x - 4. Let d be c(5). Let f = 179 - d. List the prime factors of f.
73
Suppose -4*u = k + 4*k - 28560, 2*k - 3*u = 11424. List the prime factors of k.
2, 3, 7, 17
Suppose 1660 = h + 4*q, 2*h - 3320 = -0*h + 6*q. List the prime factors of h.
2, 5, 83
Let z(x) be the third derivative of 97*x**5/12 - 19*x**4/24 - 6*x**3 + 257*x**2. What are the prime factors of z(-2)?
2, 971
Let q(g) = g**3 - 26*g**2 + 22*g + 66. Let y be q(23). List the prime factors of y/(-70)*(42 + 2).
2, 11, 29
Let u be 6 - -1 - (12 - 6376). Suppose -5*l - 1681 = -u. List the prime factors of l.
2, 7, 67
Suppose -29 = -2*u + 5*j, 5*u + 3*j - 30 = 7*j. What are the prime factors of ((-349)/u)/(21/(-42))?
349
Suppose -62*m - 3468 = -63*m. List the prime factors of m.
2, 3, 17
Suppose 6*j - 11*j = -15. Suppose 4*m + j*w - 1730 = w, 0 = 5*m + 4*w - 2158. Suppose -2*l - 3*v = 2*l - m, v = -2*l + 218. What are the prime factors of l?
2, 5, 11
Let o(y) = -43*y + 533. Let p be o(12). Suppose c - 119 - 221 = 0. Suppose p*q - c = 12*q. List the prime factors of q.
2, 17
Let n(c) = 3*c**2 - 25*c + 50. Let w be n(5). Suppose -8*b + 411 + 797 = w. What are the prime factors of b?
151
Suppose 5*u + 16 = 11. Let l(q) = 20*q**3 + 3*q**2 + q - 1. Let o be l(u). Let z(b) = b**2 + 13*b + 18. What are the prime factors of z(o)?
2, 3, 11
Suppose 19*j - 266804 = -3*j + 479040. What are the prime factors of j?
2, 11, 23, 67
Suppose a - 2*g - 652 = 0, -843 - 2402 = -5*a + 5*g. Let h = a - 384. What are the prime factors of h?
2, 131
Let g = -4226 + 7525. List the prime factors of g.
3299
Let j = 1772 + -1255. Let k = j + -130. Suppose -k = -6*y + 183. What are the prime factors of y?
5, 19
Suppose 52*h - 214900 = 11*h + 6*h. What are the prime factors of h?
2, 5, 307
Let d(o) = 19*o**2 + 148*o + 2712. List the prime factors of d(-23).
7, 191
Let r(o) = -49*o - 9. Let m(d) = 50*d + 9. Let p(f) = -3*m(f) - 2*r(f). What are the prime factors of p(-16)?
823
Let h(f) = f**3 + 7*f**2 - 2*f + 5. Let c = -81 + 74. Let m be h(c). Suppose m*r - 490 = 14*r. List the prime factors of r.
2, 7
Suppose 53*x + 28 = 54*x. Suppose 0 = 8*g - x - 12. Suppose -82 = -g*t + 1333. List the prime factors of t.
283
Let l = 150 + -146. Suppose 2*m = -l*r + 212 + 752, 5*r = m + 1219. List the prime factors of r.
3
Suppose 7*y - 2 = 8*y, -3*j + 5164 = -2*y. Suppose 3*x - j = -x. What are the prime factors of x?
2, 5, 43
Let t(w) = 192*w**2 + 133*w + 13. What are the prime factors of t(8)?
3, 5, 11
Let o be (-2)/(40/15 + (-4)/6). Let j be 0*((-10)/3 + 3) + o. What are the prime factors of (1 - j)*(-8 + 17)?
2, 3
Let x(a) = -a**2 + 18*a + 18. Let u be x(16). Let v be 11/33 - u/6. What are the prime factors of 6 + v + 146 + 0 - -4?
2, 37
Let x(w) = 28*w**2 - 27*w**2 - 14*w - 23 + 67. Let f be x(11). Suppose 5*g - j - f = 209, 5*g + 4*j = 195. What are the prime factors of g?
43
Let l = 59391 - -19388. What are the prime factors of l?
78779
Let b(p) = 34*p - 137. Let w(g) = -31*g + 137. Let z(y) = -4*b(y) - 3*w(y). What are the prime factors of z(-18)?
911
Let v = 35 + -52. Let q be 1*1/(-4) + v/(-4). Suppose -2*x + 0*x = 2*z - 180, -q*x - z = -354. What are the prime factors of x?
2, 11
Let q be 5 + (110160/6)/3. Suppose -3*v - 22*v = -q. What are the prime factors of v?
5, 7
Suppose -3*f - 3*i = -16728, -3*f + f = -i - 11167. List the prime factors of f.
5581
Let q = -120 - -124. Suppose -7*p = -2*v - 11*p - 4, 3*v - 24 = q*p. Suppose 0 = -o - l + 241, -2*l = 5*o - v*l - 1212. What are the prime factors of o?
2, 11
Let m(l) = -3*l**3 - 3*l**2 - 3*l + 16. Let i be m(5). Let c = -404 - i. List the prime factors of c.
3, 5
Suppose -4544*j + 4521*j + 1337358 = 0. List the prime factors of j.
2, 3, 11, 881
Suppose -9236 = -2*b - 768. List the prime factors of b.
2, 29, 73
What are the prime factors of 78/8*(1689/(-5))/((-126)/280)?
13, 563
Let s = -457 + 547. Suppose 0 = s*z - 74*z - 29728. What are the prime factors of z?
2, 929
Let q = 92205 - 50489. List the prime factors of q.
2, 10429
Let q(l) = 83*l**3 - l**2 + 2. Let a be q(-1). List the prime factors of 5/(10/(-56))*a/8.
7, 41
Let w be ((-4)/10)/(1/(-310)). Suppose -67*b = 2098 + 46. Let s = w + b. What are the prime factors of s?
2, 23
Suppose 3*i - 10355 = 5*m, 5*i + 5*m - 3554 = 13691. Suppose 13*u - 4285 = i. List the prime factors of u.
5, 7, 17
Suppose 8*u + 82 = j + 4*u, -4*j - 4*u = -248. List the prime factors of j - 9*12/54.
2
Let z(o) = o**2 + 13*o - 12. Let w be z(-17). List the prime factors of 364 - (w/(-2))/(-4).
3, 7, 17
Suppose -67*u + 1610706 = -2061564. What are the prime factors of u?
2, 3, 5, 7, 29
Suppose -2*n = 2*u - 2486, 5*n - 4841 - 137 = -4*u. List the prime factors of u.
1237
Let y(w) = -161*w + 91. Suppose -28 = -g - 3*d, 5*g - 84 = 2*g - 5*d. Let v(t) = -18*t + 10. Let o(h) = g*v(h) - 3*y(h). What are the prime factors of o(-6)?
7, 19
Let d = 3931 - 2012. What are the prime factors of d?
19, 101
Let g(s) = 4576*s - 10926. What are the prime factors of g(20)?
2, 59, 683
Suppose -14380 = -2*l - c, 28760 = 4*l + 128*c - 124*c. What are the prime factors of l?
2, 5, 719
Let u = 61 + -114. Let h = u + 57. Suppose 0 = -h*j - 5*s + 355 + 55, j + 2*s = 101. List the prime factors of j.
3, 5, 7
Suppose -17 = 3*i + 13. Let b = 20 + i. Let n(m) = m**3 - 11*m**2 + 13*m - 15. What are the prime factors of n(b)?
3, 5
Let k(w) = w**3 - 3*w**2 + 3*w - 8. Let p be k(3). List the prime factors of p/(-2) + -545*15/(-50).
163
Let q(d) be the second derivative of d**4/6 - 4*d**3/3 + 13*d. Suppose -8 = -4*h + 4*o, 11*o - 23 = -4*h + 12*o. What are the prime factors of q(h)?
2, 3, 7
Let b(v) be the second derivative of 3*v**4/4 + 9*v**2/2 - v + 68. What are the prime factors of b(7)?
2, 3, 5
Let g = 8541 - 2085. List the prime factors of g.
2, 3, 269
Suppose 20*y - 23*y + 16859 = 2*j, 5 = -y. What are the prime factors of j?
11, 13, 59
Let s be ((-56)/6)/(6/(-45)). Let p be -3 - ((-3)/(-1) + 18/(-3)). List the prime factors of s + p - (0 + -6 + 5).
71
Suppose -3*k - 